{"id":605,"date":"2024-04-16T10:40:18","date_gmt":"2024-04-16T13:40:18","guid":{"rendered":"https:\/\/inovanutricao.net\/monteup\/?post_type=product&#038;p=605"},"modified":"2024-04-19T10:31:11","modified_gmt":"2024-04-19T13:31:11","slug":"turma-da-monica","status":"publish","type":"product","link":"https:\/\/theproducer.click\/peguemonteup\/produto\/turma-da-monica\/","title":{"rendered":"Turma da M\u00f4nica"},"content":{"rendered":"","protected":false},"excerpt":{"rendered":"<p>Kit Decora\u00e7\u00e3o Festa Infantil &#8220;Turma da M\u00f4nica&#8221;<\/p>\n<p>Deixe a imagina\u00e7\u00e3o do seu pequeno ou pequena decolar com o nosso Kit Decora\u00e7\u00e3o &#8220;Turma da M\u00f4nical&#8221;! Este kit exclusivo \u00e9 perfeito para celebrar o anivers\u00e1rio do seu filho ou filha.<br \/>\nO kit inclui uma variedade de itens cuidadosamente selecionados para transformar o ambiente da festa em um cen\u00e1rio emocionante.<\/p>\n","protected":false},"featured_media":607,"comment_status":"open","ping_status":"closed","template":"","meta":[],"product_cat":[19,18],"product_tag":[],"_links":{"self":[{"href":"https:\/\/theproducer.click\/peguemonteup\/wp-json\/wp\/v2\/product\/605"}],"collection":[{"href":"https:\/\/theproducer.click\/peguemonteup\/wp-json\/wp\/v2\/product"}],"about":[{"href":"https:\/\/theproducer.click\/peguemonteup\/wp-json\/wp\/v2\/types\/product"}],"replies":[{"embeddable":true,"href":"https:\/\/theproducer.click\/peguemonteup\/wp-json\/wp\/v2\/comments?post=605"}],"wp:featuredmedia":[{"embeddable":true,"href":"https:\/\/theproducer.click\/peguemonteup\/wp-json\/wp\/v2\/media\/607"}],"wp:attachment":[{"href":"https:\/\/theproducer.click\/peguemonteup\/wp-json\/wp\/v2\/media?parent=605"}],"wp:term":[{"taxonomy":"product_cat","embeddable":true,"href":"https:\/\/theproducer.click\/peguemonteup\/wp-json\/wp\/v2\/product_cat?post=605"},{"taxonomy":"product_tag","embeddable":true,"href":"https:\/\/theproducer.click\/peguemonteup\/wp-json\/wp\/v2\/product_tag?post=605"}],"curies":[{"name":"wp","href":"https:\/\/api.w.org\/{rel}","templated":true}]}}