{"id":641,"date":"2024-04-16T11:32:26","date_gmt":"2024-04-16T14:32:26","guid":{"rendered":"https:\/\/inovanutricao.net\/monteup\/?post_type=product&#038;p=641"},"modified":"2024-04-16T14:24:06","modified_gmt":"2024-04-16T17:24:06","slug":"dinossauro-jurassic","status":"publish","type":"product","link":"https:\/\/theproducer.click\/peguemonteup\/produto\/dinossauro-jurassic\/","title":{"rendered":"Dinossauro Jurassic"},"content":{"rendered":"","protected":false},"excerpt":{"rendered":"<p>Kit Decora\u00e7\u00e3o Festa Infantil Masculino &#8220;Dinossauro Jurassic&#8221;<\/p>\n<p>Deixe a imagina\u00e7\u00e3o do seu pequeno decolar com o nosso Kit Decora\u00e7\u00e3o &#8220;Dinossauro Jurassic&#8221;! Este kit exclusivo \u00e9 perfeito para celebrar o anivers\u00e1rio do seu filho.<br \/>\nO kit inclui uma variedade de itens cuidadosamente selecionados para transformar o ambiente da festa em um cen\u00e1rio emocionante.<\/p>\n","protected":false},"featured_media":634,"comment_status":"open","ping_status":"closed","template":"","meta":[],"product_cat":[18],"product_tag":[],"_links":{"self":[{"href":"https:\/\/theproducer.click\/peguemonteup\/wp-json\/wp\/v2\/product\/641"}],"collection":[{"href":"https:\/\/theproducer.click\/peguemonteup\/wp-json\/wp\/v2\/product"}],"about":[{"href":"https:\/\/theproducer.click\/peguemonteup\/wp-json\/wp\/v2\/types\/product"}],"replies":[{"embeddable":true,"href":"https:\/\/theproducer.click\/peguemonteup\/wp-json\/wp\/v2\/comments?post=641"}],"wp:featuredmedia":[{"embeddable":true,"href":"https:\/\/theproducer.click\/peguemonteup\/wp-json\/wp\/v2\/media\/634"}],"wp:attachment":[{"href":"https:\/\/theproducer.click\/peguemonteup\/wp-json\/wp\/v2\/media?parent=641"}],"wp:term":[{"taxonomy":"product_cat","embeddable":true,"href":"https:\/\/theproducer.click\/peguemonteup\/wp-json\/wp\/v2\/product_cat?post=641"},{"taxonomy":"product_tag","embeddable":true,"href":"https:\/\/theproducer.click\/peguemonteup\/wp-json\/wp\/v2\/product_tag?post=641"}],"curies":[{"name":"wp","href":"https:\/\/api.w.org\/{rel}","templated":true}]}}